 0. List the prime factors of m(v).
2, 13
Suppose -2*v + 4*z = -5528, 10625 + 461 = 4*v - 2*z. What are the prime factors of v?
2, 19, 73
Suppose 6*c = c + 20. Suppose -3*g = -17 - c. Let q(p) = -p + 9. What are the prime factors of q(g)?
2
Let d be 4201/5 + -3 + (-42)/(-15). Suppose 0 = 3*u - 11*u + d. List the prime factors of u.
3, 5, 7
Let h(x) = 7*x**2 - 7*x + 17. Let q(g) = 6*g**2 - 6*g + 18. Let n(m) = -5*h(m) + 6*q(m). List the prime factors of n(0).
23
Let o = -9 + 9. Suppose o = -2*k - k + 12, -5*x - 2*k + 28 = 0. List the prime factors of x.
2
Suppose 1328 - 4028 = -10*r. List the prime factors of r.
2, 3, 5
Let l be ((-177)/(-6))/(2/(-16)). Let f = 426 + l. Suppose 0 = 6*a - a - f. List the prime factors of a.
2, 19
Let t be 1/((-3)/(-279)*3). Let x(a) = a**3 - 15*a**2 - 17*a + 23. Let l be x(16). Let v = t - l. What are the prime factors of v?
2, 3
Let x = -110 - -100. Let l = 200 + x. What are the prime factors of l?
2, 5, 19
Let g(b) be the second derivative of b**5/20 - b**4/2 + b**3/6 - 4*b**2 - 6*b. Let k be g(6). Let d(y) = -15*y + 2. What are the prime factors of d(k)?
2
Suppose q = 78 + 87. Suppose 5*z + 0*z - 2*y - 825 = 0, -2*y + q = z. List the prime factors of z.
3, 5, 11
Let c be (-4)/(-14) - (-37125)/231. Suppose 10*m - c = 5*m + 4*f, -4*f = 2*m - 70. What are the prime factors of m?
3, 11
Let g(n) = 2*n**3 - 27*n**2 - 13*n - 50. What are the prime factors of g(15)?
2, 5, 43
Let p(m) = m**2 - 5*m + 10. Let u(y) = 2*y**2 - 10*y + 21. Let o(a) = 5*p(a) - 2*u(a). Let t = -9 - -15. What are the prime factors of o(t)?
2, 7
Let f be -41*3*((4 - 2) + -4). Suppose -5*u + 5*p = p - 383, 3*u + 3*p - f = 0. What are the prime factors of u?
79
Let r(b) = b**3 + 7*b**2 + 4. Let v = 12 - 16. List the prime factors of r(v).
2, 13
List the prime factors of (19 - 0)*38 - (-54)/27.
2, 181
Let k be (-10 - 8)*(0 + (-2)/4). Suppose 0 = i - 2*s - 90, -2*s + k = s. List the prime factors of i.
2, 3
Let s(r) = 27*r + 2. Suppose -5*c = -9 - 11. Suppose -c*o + 0 = -4. What are the prime factors of s(o)?
29
Suppose -o = -4*m + 18738, -o + 1807 = m - 2880. List the prime factors of (-1)/4 - m/(-20).
2, 3, 13
Suppose 285 = 3*x - 12. Suppose 0 = 4*r - 8, -3*r - x = -j + 2*r. List the prime factors of j.
109
Suppose -507*m + 513*m = 6846. List the prime factors of m.
7, 163
Let d(o) = 2*o**2 - 5*o + 21. Let f be d(6). Suppose -7 = -m - 23. Let i = m + f. List the prime factors of i.
47
Suppose 0 = -2*u + 3*u - 34. Suppose 2*s - u - 18 = 0. Let d = 0 + s. List the prime factors of d.
2, 13
List the prime factors of (85036/(-49))/(-2) - 4/(-14).
2, 7, 31
Suppose -5*g - 6596 = -22*g. What are the prime factors of g?
2, 97
Let a = 514 + -341. Suppose -2*s = 5 - a. List the prime factors of s.
2, 3, 7
Suppose 4*k - 2*j - 5214 = 0, 0 = -8*k + 9*k + 4*j - 1317. What are the prime factors of k?
3, 5, 29
Let x be 4 - (-2)/((-6)/(-9)). Let g(r) = 12*r + x*r + 3 - 21*r. What are the prime factors of g(-2)?
7
Suppose g + 2*p + 0*p - 55 = 0, -4*p = 12. List the prime factors of (g - 2)/(2/4 + 0).
2, 59
Suppose 0 = 5*b + 3*p - 4284, -1720 = 4*b - 6*b + 2*p. List the prime factors of b.
2, 3, 11, 13
Let m = 37 + 8. Suppose -6*d = -9*d + m. What are the prime factors of 65/4 + d/20?
17
Let x = 2 - -3. Suppose -x*y + 166 = -104. What are the prime factors of y?
2, 3
Let k(t) = t**3 + 5*t**2 - 9*t - 9. Suppose 7*q - 2*q = -30. List the prime factors of k(q).
3
Let g = -25 + 27. Let y(p) = p**3 - 4*p**2 + 4*p + 4. Let z be y(4). Let n = g + z. List the prime factors of n.
2, 11
Let b(x) = -x**3 + 208*x + 2 - 207*x + 13*x**2 - 5*x**2. What are the prime factors of b(6)?
2, 5
Let t(w) = -2*w. Let m = -47 + 67. Suppose j + 3*f = -6, 2*j + f = -m - 7. What are the prime factors of t(j)?
2, 3, 5
Let t = -211 - -272. What are the prime factors of t?
61
Let g(h) = 6*h**2 + h + 3. Let b = -8 - -12. Suppose 0 = o - 5, -5*f - 12 = -f - b*o. What are the prime factors of g(f)?
29
Let w(v) = -v**3 + 3*v**2 + 4*v - 6. Let d(r) = r - 1. Let l be d(5). Let y be w(l). Let s(m) = m + 8. List the prime factors of s(y).
2
Let s(z) = -z**2 + 10*z - 7. Suppose 0 = 4*b - 3 - 33. List the prime factors of s(b).
2
Let v(o) = 4*o - 7. Let m be 4*(0 + 5)*1. Let b be 12/18 + m/6. List the prime factors of v(b).
3
Suppose -4*r + 102 = -r. Let s be 6/(-18) + (-404)/(-6). Let k = s - r. What are the prime factors of k?
3, 11
What are the prime factors of (-56 + 48)*(-1 + -99)?
2, 5
Let p be (-72)/42*(-525)/6. Let w = p - 133. What are the prime factors of w?
17
Let h(s) = -2*s**2 - 15*s + 25. Let l be h(-9). What are the prime factors of (-434 - 2)/(l - 0)?
2, 109
Let r = 8 + -7. Let v be (-4)/((-5)/105*r). Suppose -a = -7*a + v. What are the prime factors of a?
2, 7
Let n = -251 + 296. Suppose -98 = -4*r + 26. Let p = n - r. List the prime factors of p.
2, 7
Let v = 14 + -5. Let g = v + -8. Let i(d) = 35*d**3 + 2*d**2 - 2*d + 1. What are the prime factors of i(g)?
2, 3
Let k(a) be the second derivative of 0 + 5/3*a**4 + 3/2*a**2 + 1/2*a**3 + 13*a. List the prime factors of k(-2).
7, 11
What are the prime factors of (-4)/54 - 180971/(-2781)?
5, 13
Let k = 497 - -243. List the prime factors of k.
2, 5, 37
Suppose 2*r + 3*r = 10. Let p be r*5*(-4 + 8). Let j = p + -28. What are the prime factors of j?
2, 3
Let x = 5 + 122. What are the prime factors of x?
127
Suppose -4*f = g - 207, -2*g = 5*f - 93 - 165. Suppose 0 = -3*v + 5*x - 72, v = 5*x + 1 - 15. Let a = f + v. What are the prime factors of a?
23
Let u be (-4 + (1 - -3))*-1. Suppose u = -3*n + 3*i + 65 - 20, n = -4*i + 25. Let f(k) = k + 19. What are the prime factors of f(n)?
2, 3
Suppose -2820 = x - 4*x. Suppose 5*g = 2*d + x, -135 - 53 = -g - 4*d. List the prime factors of g.
2, 47
What are the prime factors of -12*((-420)/18 - -3)?
2, 61
Let l(b) = b**2 + b. Let q be l(0). Suppose -2*y + 33 + 59 = q. Let j = 100 - y. List the prime factors of j.
2, 3
Let p = -107 + 321. Suppose -4*a = 2*n + 568, n - 272 = 2*a - n. Let y = a + p. What are the prime factors of y?
2, 37
Let p be 5/10*6 + -2. Suppose 3*v + 2*j = 366, 3*j - 8 = p. Suppose -12 = 4*n - v. List the prime factors of n.
3
Let p = -30 + 50. Suppose -2*j + p = 3*x, -2*x - j = -0*j - 14. What are the prime factors of x?
2
Suppose 2*b + 16*s - 1574 = 12*s, 5*b - 3947 = -4*s. List the prime factors of b.
7, 113
Let r(o) = -o**2 - 9*o - 3. Let s be r(-6). Let p(t) = t**3 - 15*t**2 + 5*t - 7. List the prime factors of p(s).
2, 17
List the prime factors of 1041*3 + -15 + 12.
2, 3, 5, 13
Suppose 0 = -5*i - 15, -4*i - 7848 + 626 = -5*m. What are the prime factors of m?
2, 7, 103
Suppose 0 = d - 90 - 329. List the prime factors of d.
419
Let j(k) = -k**3 - 5*k**2 + 13*k - 11. List the prime factors of j(-9).
2, 7
Let a = -296 - -800. What are the prime factors of a?
2, 3, 7
Suppose -a + 4*l + 1346 = 0, -36*l = -4*a - 35*l + 5444. List the prime factors of a.
2, 3, 227
Suppose 0*q = 5*i - 2*q + 19, 3*i + 18 = -q. Let z(p) = -p**2 - 7*p. Let x be z(i). Suppose -5*l = -x, 4*m + 5*l = 5*m - 1. List the prime factors of m.
11
Let f(p) = p**3 + 8*p**2 + 6*p - 1. Let z be f(-7). Let h be z/27*-3*-3. Suppose 33 = h*j - 33. What are the prime factors of j?
3, 11
Suppose -6*j + 4*j = -4*d - 22, -4*d = j + 7. Suppose j*k = 5*m - 430, -m = -2*k + 5 - 93. What are the prime factors of m?
2, 3, 7
What are the prime factors of (-3)/12 - 19570/(-40)?
3, 163
Suppose -3*a = -4*g + 2*g + 15, -4*a = 4*g. Suppose -g*q + 5*o + 474 = 0, -4*q + 632 = 3*o + 2*o. List the prime factors of q.
2, 79
What are the prime factors of -3 + 699 - (-8 + 3)?
701
Suppose -5*m + 2*a = -8 - 3, -a = 3*m. What are the prime factors of -1*(0 - m)*12?
2, 3
Let y(r) = 2*r**2 + 22*r + 20. What are the prime factors of y(26)?
2, 3
Let s(g) = -g**3 - 17*g**2 + 14*g + 18. Let x(k) = -2*k**2 - 5*k - 6. Let t be x(-4). List the prime factors of s(t).
2, 3, 5
Suppose -11*i + 24 = -3*i. Suppose -i*l + 273 = 4*l. What are the prime factors of l?
3, 13
Let f = 77 + -128. Let r = f + 158. What are the prime factors of r?
107
Let q(k) = -5*k**2 - 20*k - 18. Let d(f) = 2*f**2 + f - 1. Let a(s) = 2*d(s) + q(s). What are the prime factors of a(-14)?
2, 3
Let z(g) = -g**2 + 13*g - 2. Let i be z(6). Suppose i + 65 = -5*q. Let u = -2 - q. List the p